{"id":2786,"date":"2020-06-20T14:03:13","date_gmt":"2020-06-20T14:03:13","guid":{"rendered":"http:\/\/www.steamtar.pl\/car-detailing\/?page_id=2786"},"modified":"2020-10-23T15:14:52","modified_gmt":"2020-10-23T15:14:52","slug":"renowacja-reflektorow","status":"publish","type":"page","link":"http:\/\/www.steamtar.pl\/car-detailing\/renowacja-reflektorow\/","title":{"rendered":"Renowacja reflektor\u00f3w"},"content":{"rendered":"<p>[vc_row content_placement=&#8221;middle&#8221;][vc_column width=&#8221;1\/2&#8243;]<div id=\"ultimate-heading-244369e75a882b1cd\" class=\"uvc-heading ult-adjust-bottom-margin ultimate-heading-244369e75a882b1cd uvc-9434  uvc-heading-default-font-sizes\" data-hspacer=\"no_spacer\"  data-halign=\"left\" style=\"text-align:left\"><div class=\"uvc-heading-spacer no_spacer\" style=\"top\"><\/div><div class=\"uvc-sub-heading ult-responsive\"  data-ultimate-target='.uvc-heading.ultimate-heading-244369e75a882b1cd .uvc-sub-heading '  data-responsive-json-new='{\"font-size\":\"desktop:18px;\",\"line-height\":\"desktop:30px;\"}'  style=\"font-family:&#039;Kanit&#039;;font-weight:300;\"><\/p>\n<p class=\"p1\">Us\u0142uga ta pozwala trwale usun\u0105\u0107 matowe, porysowane i\u00a0po\u017c\u00f3\u0142kni\u0119te klosze reflektor\u00f3w.<\/p>\n<p class=\"p1\">Lampy samochodowe z\u00a0czasem ulegaj\u0105 warunkom degradacji plastiku, g\u0142\u00f3wny wp\u0142yw na to maj\u0105 warunki atmosferyczne oraz niew\u0142a\u015bciwe mycie pojazdu. Odpowiednio wypolerowane reflektory zwi\u0119ksz\u0105 nasz\u0105 widoczno\u015b\u0107 na drodze oraz poprawi\u0105 estetyk\u0119 wizualn\u0105 naszego auta. Regenerujemy zar\u00f3wno przednie jak i\u00a0tylne lampy.<\/p>\n<p class=\"p1\">Dodatkowo zabezpieczamy pow\u0142ok\u0105 ceramiczn\u0105, kt\u00f3ra chroni reflektory przed przysz\u0142ym zu\u017cyciem.<\/p>\n<p><\/div><\/div>[\/vc_column][vc_column width=&#8221;1\/2&#8243;]<div class=\"twentytwenty-container\" data-orientation=\"horizontal\" data-offset=\"0.5\"><img loading=\"lazy\" decoding=\"async\" class=\"preload-me\" src=\"http:\/\/www.steamtar.pl\/car-detailing\/wp-content\/uploads\/2020\/10\/reflektory_przed.jpg\" width=\"550\" height=\"404\"  title=\"Przed\" alt=\"\"><img loading=\"lazy\" decoding=\"async\" class=\"preload-me\" src=\"http:\/\/www.steamtar.pl\/car-detailing\/wp-content\/uploads\/2020\/10\/renowacja_reflektorow.jpg\" width=\"550\" height=\"404\"  title=\"Po\" alt=\"\"><\/div>[\/vc_column][\/vc_row][vc_row equal_height=&#8221;yes&#8221; css=&#8221;.vc_custom_1592146701355{padding-bottom: 80px !important;}&#8221;][vc_column css=&#8221;.vc_custom_1592147007544{padding-top: 50px !important;}&#8221; offset=&#8221;vc_col-lg-offset-0 vc_col-lg-6 vc_col-md-offset-0 vc_col-md-6 vc_col-sm-offset-1&#8243;]<div id=\"ultimate-heading-752269e75a882b7b7\" class=\"uvc-heading ult-adjust-bottom-margin ultimate-heading-752269e75a882b7b7 uvc-4822  uvc-heading-default-font-sizes\" data-hspacer=\"no_spacer\"  data-halign=\"left\" style=\"text-align:left\"><div class=\"uvc-heading-spacer no_spacer\" style=\"top\"><\/div><div class=\"uvc-main-heading ult-responsive\"  data-ultimate-target='.uvc-heading.ultimate-heading-752269e75a882b7b7 h2'  data-responsive-json-new='{\"font-size\":\"\",\"line-height\":\"\"}' ><h2 style=\"font-family:&#039;Kanit&#039;;font-weight:600;margin-bottom:25px;\">Zalety<\/h2><\/div><\/div>[vc_column_text el_class=&#8221;lista&#8221;]<\/p>\n<ul>\n<li>wi\u0119ksza przejrzysto\u015b\u0107 lamp,<\/li>\n<li>zwi\u0119kszenie bezpiecze\u0144stwa na drodze,<\/li>\n<li>poprawa estetyki wizualnej,<\/li>\n<li>aplikuj\u0105c pow\u0142ok\u0119 ceramiczn\u0105 zabezpieczamy d\u0142ugotrwale przed czynnikami zewn\u0119trznymi.<\/li>\n<\/ul>\n<p>[\/vc_column_text][\/vc_column][\/vc_row][vc_row bg_type=&#8221;bg_color&#8221; bg_override=&#8221;full&#8221; bg_color_value=&#8221;#f9f9fa&#8221; css=&#8221;.vc_custom_1592118484654{padding-top: 80px !important;padding-bottom: 80px !important;}&#8221;][vc_column]<div id=\"ultimate-heading-994269e75a882b7ff\" class=\"uvc-heading ult-adjust-bottom-margin ultimate-heading-994269e75a882b7ff uvc-1499  uvc-heading-default-font-sizes\" data-hspacer=\"no_spacer\"  data-halign=\"center\" style=\"text-align:center\"><div class=\"uvc-heading-spacer no_spacer\" style=\"top\"><\/div><div class=\"uvc-main-heading ult-responsive\"  data-ultimate-target='.uvc-heading.ultimate-heading-994269e75a882b7ff h2'  data-responsive-json-new='{\"font-size\":\"\",\"line-height\":\"\"}' ><h2 style=\"font-family:&#039;Kanit&#039;;font-weight:600;margin-bottom:50px;\">Cennik<\/h2><\/div><\/div>[vc_raw_html el_class=&#8221;cennik&#8221; css=&#8221;.vc_custom_1602051064420{margin-top: 25px !important;margin-bottom: 25px !important;}&#8221;]JTNDdGFibGUlM0UlMEElMjAlMjAlM0N0ciUzRSUwQSUyMCUyMCUyMCUyMCUzQ3RoJTNFUk9EWkFKJTIwVVMlQzUlODFVR0klM0MlMkZ0aCUzRSUwQSUyMCUyMCUyMCUyMCUzQ3RoJTNFQ0VOQSUzQyUyRnRoJTNFJTBBJTIwJTIwJTNDJTJGdHIlM0UlMEElMjAlMjAlM0N0ciUzRSUwQSUyMCUyMCUyMCUyMCUzQ3RkJTIwY2xhc3MlM0QlMjJuYWdsb3dla190YWIlMjIlM0VSZW5vd2FjamElMjByZWZsZWt0b3IlQzMlQjN3JTNDJTJGdGQlM0UlMEElMjAlMjAlMjAlMjAlM0N0ZCUzRW9kJUMyJUEwNTAlQzIlQTB6JUM1JTgyJTJGc3p0LiUzQyUyRnRkJTNFJTBBJTIwJTIwJTNDJTJGdHIlM0UlMEElMEElMjAlMjAlM0N0ciUzRSUwQSUyMCUyMCUyMCUyMCUzQ3RkJTIwY2xhc3MlM0QlMjJuYWdsb3dla190YWIlMjIlM0VaYWJlenBpZWN6ZW5pZSUyMGxhbXB5JTIwcG93JUM1JTgyb2slQzQlODUlMjBjZXJhbWljem4lQzQlODUlM0MlMkZ0ZCUzRSUwQSUyMCUyMCUyMCUyMCUzQ3RkJTNFb2QlQzIlQTAxMjAlQzIlQTB6JUM1JTgyJTNDJTJGdGQlM0UlMEElMjAlMjAlM0MlMkZ0ciUzRSUwQSUwQSUwQSUwQSUzQyUyRnRhYmxlJTNF[\/vc_raw_html][vc_column_text el_class=&#8221;akapit&#8221;]Podane ceny s\u0105 cenami netto.[\/vc_column_text][\/vc_column][\/vc_row][vc_row full_width=&#8221;stretch_row&#8221; type=&#8221;vc_default&#8221; css=&#8221;.vc_custom_1592050024092{margin-bottom: -70px !important;padding-top: 100px !important;padding-bottom: 100px !important;background-color: #171a42 !important;}&#8221;][vc_column]<div id=\"ultimate-heading-935469e75a882b830\" class=\"uvc-heading ult-adjust-bottom-margin ultimate-heading-935469e75a882b830 uvc-9912 \" data-hspacer=\"no_spacer\"  data-halign=\"center\" style=\"text-align:center\"><div class=\"uvc-heading-spacer no_spacer\" style=\"top\"><\/div><div class=\"uvc-main-heading ult-responsive\"  data-ultimate-target='.uvc-heading.ultimate-heading-935469e75a882b830 h2'  data-responsive-json-new='{\"font-size\":\"desktop:48px;tablet:42px;mobile_landscape:36px;\",\"line-height\":\"desktop:58px;tablet:52px;mobile_landscape:46px;\"}' ><h2 style=\"font-family:&#039;Kanit&#039;;font-weight:600;color:#ffffff;margin-bottom:30px;\">Um\u00f3w wizyt\u0119<\/h2><\/div><div class=\"uvc-sub-heading ult-responsive\"  data-ultimate-target='.uvc-heading.ultimate-heading-935469e75a882b830 .uvc-sub-heading '  data-responsive-json-new='{\"font-size\":\"desktop:24px;tablet:18px;mobile_landscape:18px;\",\"line-height\":\"desktop:38px;tablet:24px;mobile_landscape:24px;\"}'  style=\"font-family:&#039;Kanit&#039;;font-weight:300;color:#ffffff;margin-bottom:50px;\">Skontaktuj si\u0119 z nami, aby zam\u00f3wi\u0107 us\u0142ug\u0119, lub pozna\u0107 szczeg\u00f3\u0142y<\/div><\/div><style type=\"text\/css\" data-type=\"the7_shortcodes-inline-css\">#default-btn-2c0f9bfa83c47d80e4f22f8b1a12094c.ico-right-side > i {\n  margin-right: 0px;\n  margin-left: 12px;\n}\n#default-btn-2c0f9bfa83c47d80e4f22f8b1a12094c > i {\n  margin-right: 12px;\n}\n<\/style><div class=\"btn-align-center\"><a href=\"http:\/\/www.steamtar.pl\/car-detailing\/kontakt\/\" class=\"default-btn-shortcode dt-btn dt-btn-l link-hover-off \" id=\"default-btn-2c0f9bfa83c47d80e4f22f8b1a12094c\" style=\"width:300px;\" title=\"Kontakt\"><i class=\"icomoon-the7-font-the7-mail-011\"><\/i><span>Skontaktuj si\u0119<\/span><\/a><\/div>[\/vc_column][\/vc_row]<\/p>\n","protected":false},"excerpt":{"rendered":"<p>[vc_row content_placement=&#8221;middle&#8221;][vc_column width=&#8221;1\/2&#8243;][\/vc_column][vc_column width=&#8221;1\/2&#8243;][\/vc_column][\/vc_row][vc_row equal_height=&#8221;yes&#8221; css=&#8221;.vc_custom_1592146701355{padding-bottom: 80px !important;}&#8221;][vc_column css=&#8221;.vc_custom_1592147007544{padding-top: 50px !important;}&#8221; offset=&#8221;vc_col-lg-offset-0 vc_col-lg-6 vc_col-md-offset-0 vc_col-md-6 vc_col-sm-offset-1&#8243;][vc_column_text el_class=&#8221;lista&#8221;] wi\u0119ksza przejrzysto\u015b\u0107 lamp, zwi\u0119kszenie bezpiecze\u0144stwa na drodze, poprawa estetyki wizualnej, aplikuj\u0105c pow\u0142ok\u0119 ceramiczn\u0105 zabezpieczamy d\u0142ugotrwale przed czynnikami zewn\u0119trznymi. [\/vc_column_text][\/vc_column][\/vc_row][vc_row bg_type=&#8221;bg_color&#8221; bg_override=&#8221;full&#8221; bg_color_value=&#8221;#f9f9fa&#8221; css=&#8221;.vc_custom_1592118484654{padding-top: 80px !important;padding-bottom: 80px !important;}&#8221;][vc_column][vc_raw_html el_class=&#8221;cennik&#8221; css=&#8221;.vc_custom_1602051064420{margin-top: 25px !important;margin-bottom: 25px !important;}&#8221;]JTNDdGFibGUlM0UlMEElMjAlMjAlM0N0ciUzRSUwQSUyMCUyMCUyMCUyMCUzQ3RoJTNFUk9EWkFKJTIwVVMlQzUlODFVR0klM0MlMkZ0aCUzRSUwQSUyMCUyMCUyMCUyMCUzQ3RoJTNFQ0VOQSUzQyUyRnRoJTNFJTBBJTIwJTIwJTNDJTJGdHIlM0UlMEElMjAlMjAlM0N0ciUzRSUwQSUyMCUyMCUyMCUyMCUzQ3RkJTIwY2xhc3MlM0QlMjJuYWdsb3dla190YWIlMjIlM0VSZW5vd2FjamElMjByZWZsZWt0b3IlQzMlQjN3JTNDJTJGdGQlM0UlMEElMjAlMjAlMjAlMjAlM0N0ZCUzRW9kJUMyJUEwNTAlQzIlQTB6JUM1JTgyJTJGc3p0LiUzQyUyRnRkJTNFJTBBJTIwJTIwJTNDJTJGdHIlM0UlMEElMEElMjAlMjAlM0N0ciUzRSUwQSUyMCUyMCUyMCUyMCUzQ3RkJTIwY2xhc3MlM0QlMjJuYWdsb3dla190YWIlMjIlM0VaYWJlenBpZWN6ZW5pZSUyMGxhbXB5JTIwcG93JUM1JTgyb2slQzQlODUlMjBjZXJhbWljem4lQzQlODUlM0MlMkZ0ZCUzRSUwQSUyMCUyMCUyMCUyMCUzQ3RkJTNFb2QlQzIlQTAxMjAlQzIlQTB6JUM1JTgyJTNDJTJGdGQlM0UlMEElMjAlMjAlM0MlMkZ0ciUzRSUwQSUwQSUwQSUwQSUzQyUyRnRhYmxlJTNF[\/vc_raw_html][vc_column_text el_class=&#8221;akapit&#8221;]Podane ceny s\u0105 cenami netto.[\/vc_column_text][\/vc_column][\/vc_row][vc_row&hellip;<\/p>\n","protected":false},"author":1,"featured_media":0,"parent":0,"menu_order":0,"comment_status":"closed","ping_status":"closed","template":"template-microsite.php","meta":{"inline_featured_image":false,"footnotes":""},"yoast_head":"<!-- This site is optimized with the Yoast SEO plugin v21.6 - https:\/\/yoast.com\/wordpress\/plugins\/seo\/ -->\n<title>Renowacja reflektor\u00f3w - Steamtar &ndash; car detailing<\/title>\n<meta name=\"robots\" content=\"index, follow, max-snippet:-1, max-image-preview:large, max-video-preview:-1\" \/>\n<link rel=\"canonical\" href=\"http:\/\/www.steamtar.pl\/car-detailing\/renowacja-reflektorow\/\" \/>\n<meta property=\"og:locale\" content=\"pl_PL\" \/>\n<meta property=\"og:type\" content=\"article\" \/>\n<meta property=\"og:title\" content=\"Renowacja reflektor\u00f3w - Steamtar &ndash; car detailing\" \/>\n<meta property=\"og:description\" content=\"[vc_row content_placement=&#8221;middle&#8221;][vc_column width=&#8221;1\/2&#8243;][\/vc_column][vc_column width=&#8221;1\/2&#8243;][\/vc_column][\/vc_row][vc_row equal_height=&#8221;yes&#8221; css=&#8221;.vc_custom_1592146701355{padding-bottom: 80px !important;}&#8221;][vc_column css=&#8221;.vc_custom_1592147007544{padding-top: 50px !important;}&#8221; offset=&#8221;vc_col-lg-offset-0 vc_col-lg-6 vc_col-md-offset-0 vc_col-md-6 vc_col-sm-offset-1&#8243;][vc_column_text el_class=&#8221;lista&#8221;] wi\u0119ksza przejrzysto\u015b\u0107 lamp, zwi\u0119kszenie bezpiecze\u0144stwa na drodze, poprawa estetyki wizualnej, aplikuj\u0105c pow\u0142ok\u0119 ceramiczn\u0105 zabezpieczamy d\u0142ugotrwale przed czynnikami zewn\u0119trznymi. [\/vc_column_text][\/vc_column][\/vc_row][vc_row bg_type=&#8221;bg_color&#8221; bg_override=&#8221;full&#8221; bg_color_value=&#8221;#f9f9fa&#8221; css=&#8221;.vc_custom_1592118484654{padding-top: 80px !important;padding-bottom: 80px !important;}&#8221;][vc_column][vc_raw_html el_class=&#8221;cennik&#8221; css=&#8221;.vc_custom_1602051064420{margin-top: 25px !important;margin-bottom: 25px !important;}&#8221;]JTNDdGFibGUlM0UlMEElMjAlMjAlM0N0ciUzRSUwQSUyMCUyMCUyMCUyMCUzQ3RoJTNFUk9EWkFKJTIwVVMlQzUlODFVR0klM0MlMkZ0aCUzRSUwQSUyMCUyMCUyMCUyMCUzQ3RoJTNFQ0VOQSUzQyUyRnRoJTNFJTBBJTIwJTIwJTNDJTJGdHIlM0UlMEElMjAlMjAlM0N0ciUzRSUwQSUyMCUyMCUyMCUyMCUzQ3RkJTIwY2xhc3MlM0QlMjJuYWdsb3dla190YWIlMjIlM0VSZW5vd2FjamElMjByZWZsZWt0b3IlQzMlQjN3JTNDJTJGdGQlM0UlMEElMjAlMjAlMjAlMjAlM0N0ZCUzRW9kJUMyJUEwNTAlQzIlQTB6JUM1JTgyJTJGc3p0LiUzQyUyRnRkJTNFJTBBJTIwJTIwJTNDJTJGdHIlM0UlMEElMEElMjAlMjAlM0N0ciUzRSUwQSUyMCUyMCUyMCUyMCUzQ3RkJTIwY2xhc3MlM0QlMjJuYWdsb3dla190YWIlMjIlM0VaYWJlenBpZWN6ZW5pZSUyMGxhbXB5JTIwcG93JUM1JTgyb2slQzQlODUlMjBjZXJhbWljem4lQzQlODUlM0MlMkZ0ZCUzRSUwQSUyMCUyMCUyMCUyMCUzQ3RkJTNFb2QlQzIlQTAxMjAlQzIlQTB6JUM1JTgyJTNDJTJGdGQlM0UlMEElMjAlMjAlM0MlMkZ0ciUzRSUwQSUwQSUwQSUwQSUzQyUyRnRhYmxlJTNF[\/vc_raw_html][vc_column_text el_class=&#8221;akapit&#8221;]Podane ceny s\u0105 cenami netto.[\/vc_column_text][\/vc_column][\/vc_row][vc_row&hellip;\" \/>\n<meta property=\"og:url\" content=\"http:\/\/www.steamtar.pl\/car-detailing\/renowacja-reflektorow\/\" \/>\n<meta property=\"og:site_name\" content=\"Steamtar &ndash; car detailing\" \/>\n<meta property=\"article:publisher\" content=\"https:\/\/www.facebook.com\/steamtar\" \/>\n<meta property=\"article:modified_time\" content=\"2020-10-23T15:14:52+00:00\" \/>\n<meta name=\"twitter:card\" content=\"summary_large_image\" \/>\n<meta name=\"twitter:label1\" content=\"Szacowany czas czytania\" \/>\n\t<meta name=\"twitter:data1\" content=\"3 minuty\" \/>\n<script type=\"application\/ld+json\" class=\"yoast-schema-graph\">{\"@context\":\"https:\/\/schema.org\",\"@graph\":[{\"@type\":\"WebPage\",\"@id\":\"http:\/\/www.steamtar.pl\/car-detailing\/renowacja-reflektorow\/\",\"url\":\"http:\/\/www.steamtar.pl\/car-detailing\/renowacja-reflektorow\/\",\"name\":\"Renowacja reflektor\u00f3w - Steamtar &ndash; car detailing\",\"isPartOf\":{\"@id\":\"http:\/\/www.steamtar.pl\/car-detailing\/#website\"},\"datePublished\":\"2020-06-20T14:03:13+00:00\",\"dateModified\":\"2020-10-23T15:14:52+00:00\",\"breadcrumb\":{\"@id\":\"http:\/\/www.steamtar.pl\/car-detailing\/renowacja-reflektorow\/#breadcrumb\"},\"inLanguage\":\"pl-PL\",\"potentialAction\":[{\"@type\":\"ReadAction\",\"target\":[\"http:\/\/www.steamtar.pl\/car-detailing\/renowacja-reflektorow\/\"]}]},{\"@type\":\"BreadcrumbList\",\"@id\":\"http:\/\/www.steamtar.pl\/car-detailing\/renowacja-reflektorow\/#breadcrumb\",\"itemListElement\":[{\"@type\":\"ListItem\",\"position\":1,\"name\":\"Strona g\u0142\u00f3wna\",\"item\":\"http:\/\/www.steamtar.pl\/car-detailing\/\"},{\"@type\":\"ListItem\",\"position\":2,\"name\":\"Renowacja reflektor\u00f3w\"}]},{\"@type\":\"WebSite\",\"@id\":\"http:\/\/www.steamtar.pl\/car-detailing\/#website\",\"url\":\"http:\/\/www.steamtar.pl\/car-detailing\/\",\"name\":\"Steamtar \u2013 car detailing\",\"description\":\"Kompleksowa piel\u0119gnacja samochod&oacute;w w Tarnowie. Pow\u0142owki ceramiczne. Polerowanie lakieru. Folie ochronne na samoch&oacute;d.\",\"publisher\":{\"@id\":\"http:\/\/www.steamtar.pl\/car-detailing\/#organization\"},\"potentialAction\":[{\"@type\":\"SearchAction\",\"target\":{\"@type\":\"EntryPoint\",\"urlTemplate\":\"http:\/\/www.steamtar.pl\/car-detailing\/?s={search_term_string}\"},\"query-input\":\"required name=search_term_string\"}],\"inLanguage\":\"pl-PL\"},{\"@type\":\"Organization\",\"@id\":\"http:\/\/www.steamtar.pl\/car-detailing\/#organization\",\"name\":\"Steamtar\",\"url\":\"http:\/\/www.steamtar.pl\/car-detailing\/\",\"logo\":{\"@type\":\"ImageObject\",\"inLanguage\":\"pl-PL\",\"@id\":\"http:\/\/www.steamtar.pl\/car-detailing\/#\/schema\/logo\/image\/\",\"url\":\"http:\/\/www.steamtar.pl\/car-detailing\/wp-content\/uploads\/2020\/06\/steamtar_car_detailing_logo-1.svg\",\"contentUrl\":\"http:\/\/www.steamtar.pl\/car-detailing\/wp-content\/uploads\/2020\/06\/steamtar_car_detailing_logo-1.svg\",\"width\":203,\"height\":48,\"caption\":\"Steamtar\"},\"image\":{\"@id\":\"http:\/\/www.steamtar.pl\/car-detailing\/#\/schema\/logo\/image\/\"},\"sameAs\":[\"https:\/\/www.facebook.com\/steamtar\"]}]}<\/script>\n<!-- \/ Yoast SEO plugin. -->","yoast_head_json":{"title":"Renowacja reflektor\u00f3w - Steamtar &ndash; car detailing","robots":{"index":"index","follow":"follow","max-snippet":"max-snippet:-1","max-image-preview":"max-image-preview:large","max-video-preview":"max-video-preview:-1"},"canonical":"http:\/\/www.steamtar.pl\/car-detailing\/renowacja-reflektorow\/","og_locale":"pl_PL","og_type":"article","og_title":"Renowacja reflektor\u00f3w - Steamtar &ndash; car detailing","og_description":"[vc_row content_placement=&#8221;middle&#8221;][vc_column width=&#8221;1\/2&#8243;][\/vc_column][vc_column width=&#8221;1\/2&#8243;][\/vc_column][\/vc_row][vc_row equal_height=&#8221;yes&#8221; css=&#8221;.vc_custom_1592146701355{padding-bottom: 80px !important;}&#8221;][vc_column css=&#8221;.vc_custom_1592147007544{padding-top: 50px !important;}&#8221; offset=&#8221;vc_col-lg-offset-0 vc_col-lg-6 vc_col-md-offset-0 vc_col-md-6 vc_col-sm-offset-1&#8243;][vc_column_text el_class=&#8221;lista&#8221;] wi\u0119ksza przejrzysto\u015b\u0107 lamp, zwi\u0119kszenie bezpiecze\u0144stwa na drodze, poprawa estetyki wizualnej, aplikuj\u0105c pow\u0142ok\u0119 ceramiczn\u0105 zabezpieczamy d\u0142ugotrwale przed czynnikami zewn\u0119trznymi. [\/vc_column_text][\/vc_column][\/vc_row][vc_row bg_type=&#8221;bg_color&#8221; bg_override=&#8221;full&#8221; bg_color_value=&#8221;#f9f9fa&#8221; css=&#8221;.vc_custom_1592118484654{padding-top: 80px !important;padding-bottom: 80px !important;}&#8221;][vc_column][vc_raw_html el_class=&#8221;cennik&#8221; css=&#8221;.vc_custom_1602051064420{margin-top: 25px !important;margin-bottom: 25px !important;}&#8221;]JTNDdGFibGUlM0UlMEElMjAlMjAlM0N0ciUzRSUwQSUyMCUyMCUyMCUyMCUzQ3RoJTNFUk9EWkFKJTIwVVMlQzUlODFVR0klM0MlMkZ0aCUzRSUwQSUyMCUyMCUyMCUyMCUzQ3RoJTNFQ0VOQSUzQyUyRnRoJTNFJTBBJTIwJTIwJTNDJTJGdHIlM0UlMEElMjAlMjAlM0N0ciUzRSUwQSUyMCUyMCUyMCUyMCUzQ3RkJTIwY2xhc3MlM0QlMjJuYWdsb3dla190YWIlMjIlM0VSZW5vd2FjamElMjByZWZsZWt0b3IlQzMlQjN3JTNDJTJGdGQlM0UlMEElMjAlMjAlMjAlMjAlM0N0ZCUzRW9kJUMyJUEwNTAlQzIlQTB6JUM1JTgyJTJGc3p0LiUzQyUyRnRkJTNFJTBBJTIwJTIwJTNDJTJGdHIlM0UlMEElMEElMjAlMjAlM0N0ciUzRSUwQSUyMCUyMCUyMCUyMCUzQ3RkJTIwY2xhc3MlM0QlMjJuYWdsb3dla190YWIlMjIlM0VaYWJlenBpZWN6ZW5pZSUyMGxhbXB5JTIwcG93JUM1JTgyb2slQzQlODUlMjBjZXJhbWljem4lQzQlODUlM0MlMkZ0ZCUzRSUwQSUyMCUyMCUyMCUyMCUzQ3RkJTNFb2QlQzIlQTAxMjAlQzIlQTB6JUM1JTgyJTNDJTJGdGQlM0UlMEElMjAlMjAlM0MlMkZ0ciUzRSUwQSUwQSUwQSUwQSUzQyUyRnRhYmxlJTNF[\/vc_raw_html][vc_column_text el_class=&#8221;akapit&#8221;]Podane ceny s\u0105 cenami netto.[\/vc_column_text][\/vc_column][\/vc_row][vc_row&hellip;","og_url":"http:\/\/www.steamtar.pl\/car-detailing\/renowacja-reflektorow\/","og_site_name":"Steamtar &ndash; car detailing","article_publisher":"https:\/\/www.facebook.com\/steamtar","article_modified_time":"2020-10-23T15:14:52+00:00","twitter_card":"summary_large_image","twitter_misc":{"Szacowany czas czytania":"3 minuty"},"schema":{"@context":"https:\/\/schema.org","@graph":[{"@type":"WebPage","@id":"http:\/\/www.steamtar.pl\/car-detailing\/renowacja-reflektorow\/","url":"http:\/\/www.steamtar.pl\/car-detailing\/renowacja-reflektorow\/","name":"Renowacja reflektor\u00f3w - Steamtar &ndash; car detailing","isPartOf":{"@id":"http:\/\/www.steamtar.pl\/car-detailing\/#website"},"datePublished":"2020-06-20T14:03:13+00:00","dateModified":"2020-10-23T15:14:52+00:00","breadcrumb":{"@id":"http:\/\/www.steamtar.pl\/car-detailing\/renowacja-reflektorow\/#breadcrumb"},"inLanguage":"pl-PL","potentialAction":[{"@type":"ReadAction","target":["http:\/\/www.steamtar.pl\/car-detailing\/renowacja-reflektorow\/"]}]},{"@type":"BreadcrumbList","@id":"http:\/\/www.steamtar.pl\/car-detailing\/renowacja-reflektorow\/#breadcrumb","itemListElement":[{"@type":"ListItem","position":1,"name":"Strona g\u0142\u00f3wna","item":"http:\/\/www.steamtar.pl\/car-detailing\/"},{"@type":"ListItem","position":2,"name":"Renowacja reflektor\u00f3w"}]},{"@type":"WebSite","@id":"http:\/\/www.steamtar.pl\/car-detailing\/#website","url":"http:\/\/www.steamtar.pl\/car-detailing\/","name":"Steamtar \u2013 car detailing","description":"Kompleksowa piel\u0119gnacja samochod&oacute;w w Tarnowie. Pow\u0142owki ceramiczne. Polerowanie lakieru. Folie ochronne na samoch&oacute;d.","publisher":{"@id":"http:\/\/www.steamtar.pl\/car-detailing\/#organization"},"potentialAction":[{"@type":"SearchAction","target":{"@type":"EntryPoint","urlTemplate":"http:\/\/www.steamtar.pl\/car-detailing\/?s={search_term_string}"},"query-input":"required name=search_term_string"}],"inLanguage":"pl-PL"},{"@type":"Organization","@id":"http:\/\/www.steamtar.pl\/car-detailing\/#organization","name":"Steamtar","url":"http:\/\/www.steamtar.pl\/car-detailing\/","logo":{"@type":"ImageObject","inLanguage":"pl-PL","@id":"http:\/\/www.steamtar.pl\/car-detailing\/#\/schema\/logo\/image\/","url":"http:\/\/www.steamtar.pl\/car-detailing\/wp-content\/uploads\/2020\/06\/steamtar_car_detailing_logo-1.svg","contentUrl":"http:\/\/www.steamtar.pl\/car-detailing\/wp-content\/uploads\/2020\/06\/steamtar_car_detailing_logo-1.svg","width":203,"height":48,"caption":"Steamtar"},"image":{"@id":"http:\/\/www.steamtar.pl\/car-detailing\/#\/schema\/logo\/image\/"},"sameAs":["https:\/\/www.facebook.com\/steamtar"]}]}},"_links":{"self":[{"href":"http:\/\/www.steamtar.pl\/car-detailing\/wp-json\/wp\/v2\/pages\/2786"}],"collection":[{"href":"http:\/\/www.steamtar.pl\/car-detailing\/wp-json\/wp\/v2\/pages"}],"about":[{"href":"http:\/\/www.steamtar.pl\/car-detailing\/wp-json\/wp\/v2\/types\/page"}],"author":[{"embeddable":true,"href":"http:\/\/www.steamtar.pl\/car-detailing\/wp-json\/wp\/v2\/users\/1"}],"replies":[{"embeddable":true,"href":"http:\/\/www.steamtar.pl\/car-detailing\/wp-json\/wp\/v2\/comments?post=2786"}],"version-history":[{"count":18,"href":"http:\/\/www.steamtar.pl\/car-detailing\/wp-json\/wp\/v2\/pages\/2786\/revisions"}],"predecessor-version":[{"id":3044,"href":"http:\/\/www.steamtar.pl\/car-detailing\/wp-json\/wp\/v2\/pages\/2786\/revisions\/3044"}],"wp:attachment":[{"href":"http:\/\/www.steamtar.pl\/car-detailing\/wp-json\/wp\/v2\/media?parent=2786"}],"curies":[{"name":"wp","href":"https:\/\/api.w.org\/{rel}","templated":true}]}}